3*c = -44. What is the tens digit of c?
1
Let f = 132 + -61. What is the units digit of f?
1
Suppose 12 + 4 = 4*b. Suppose -b*a + 25 = -27. What is the tens digit of a?
1
Let b = 13 + -8. Let j = 8 - 11. Let w = j + b. What is the units digit of w?
2
Let v(n) = n**2 - 9*n - 8. Let d be v(10). Suppose -d*y = -0*y - 4. What is the units digit of y?
2
Suppose -12*g - 126 = -13*g. What is the hundreds digit of g?
1
Let k = -257 - -404. Suppose 0*w + w = -3*v + k, 0 = -w + 3. What is the units digit of v?
8
Suppose 2*l + y + 2*y + 4 = 0, 5*y = 2*l + 4. Let q = 3 - l. What is the units digit of q?
5
Let o(t) = -3*t + 6. What is the units digit of o(-8)?
0
Suppose 75*r = 74*r + 211. What is the tens digit of r?
1
Let z(g) = -g**3 + 2*g**2 - 3*g + 2. Let n be z(3). Let i be 196/n - 1/(-4). What is the units digit of (-6 - i)*(-8)/(-6)?
8
Let a be -1 + -74 - (-2 + -1). Let j = a + 51. Let n = -7 - j. What is the tens digit of n?
1
Let d = 28 - 21. Suppose -h + d = 3*i + 1, -4*i = 2*h - 6. What is the units digit of i?
3
Suppose -4*p - p + 37 = h, p - 2 = -2*h. Let r be 4/(-10) - 12/(-5). Let n = p + r. What is the units digit of n?
0
Suppose 3 = -w - 3. What is the units digit of (9/2)/((-3)/w)?
9
Let g(b) = -b**3 + 20*b**2 + b + 42. What is the units digit of g(20)?
2
Let z = 96 + -65. What is the units digit of z?
1
Let x(g) = -g**2 - g + 4. Let c be x(0). Suppose -3*l + 4*v + 45 = -v, c*l + 4*v = 92. What is the units digit of 6/(-4)*l/(-6)?
5
Let g = 18 + -9. What is the units digit of g?
9
Suppose -138 = -5*v + 2*z, -z - 56 = -0*v - 2*v. What is the tens digit of v?
2
Suppose 0 = 2*g - 26 - 130. What is the units digit of g?
8
Suppose 0*p - 48 = -4*a - p, a - 9 = -p. What is the tens digit of a?
1
Let j be 1*((-1 - 2) + 10). What is the units digit of (-1)/(-2)*(11 - j)?
2
Suppose 3*k + 7 = 5*w, 0 = k - 2*w - w + 9. Suppose -3*i - 12 = -k*i. What is the units digit of i?
4
Suppose -3*y = -8*y - 85. Let t = 5 - 12. Let w = t - y. What is the units digit of w?
0
Let a(f) = f**2 - 9*f + 10. Let c be a(8). Suppose c*k = 3*q + 7, 5*k - k = 4*q + 24. What is the tens digit of k?
1
Let k(f) = f**2 + 8*f. Let i be k(-8). Suppose i = -4*h + 10 + 10. What is the units digit of (h/2 - -1)*2?
7
Let o = 8 + -4. Suppose -o*k - 3*u = -7*k + 276, 2*k - 166 = -4*u. Suppose -3*p + k = 2*p - 2*s, 50 = 2*p + 4*s. What is the units digit of p?
9
Let g(s) be the first derivative of -s**3/6 - 3*s**2 - 3*s + 2. Let y(j) be the first derivative of g(j). What is the units digit of y(-11)?
5
What is the units digit of (-531)/(-15) + 12/20?
6
Let t(v) = -v - 9. Let a(o) = -1. Let i(p) = -4*a(p) + t(p). Let n be i(-7). Let u = n + 1. What is the units digit of u?
3
Suppose -h = 5*v - 43, 2*h - 150 = -2*h + 2*v. What is the tens digit of h?
3
Let b(s) = s**2 + 2*s + 3. Let r be b(-3). Suppose 0 = v - 0*v - r. Let z = -4 + v. What is the units digit of z?
2
Suppose -16 = -0*o - 4*o. Suppose 13 = y + 2*x, -25 = -2*y + x - o*x. What is the tens digit of y?
1
Suppose -5*b + 2 = -3. Let c(n) = 21*n**3 + n**2 + n - 1. What is the tens digit of c(b)?
2
Suppose -2*p + 0*p = -8. Let s be (-13)/(-2) + (-3)/(-6). Suppose -p*x = s - 19. What is the units digit of x?
3
Suppose -15*j = -18*j - 9. What is the tens digit of -1*((-2 - j) + -11)?
1
Let p = 15 - 6. Let a = p + -5. Suppose l = -a*l + 10. What is the units digit of l?
2
Let l(v) = -3*v + 16. What is the units digit of l(5)?
1
Suppose 0 = 6*v - v + 20. Let h be (-2)/(-8) - (-5)/v. What is the units digit of h*12/(-10)*5?
6
Let m(u) = 7*u**2 - 2*u + 3. What is the units digit of m(2)?
7
Let c(z) = z + 1. Suppose -3*f + 16 = 2*f - 2*o, 10 = f + 3*o. Let i be c(f). Suppose 5*t + i*a = 45, -2*t = -4*a + a - 38. What is the tens digit of t?
1
Let p(g) = -3*g + 1. What is the units digit of p(-12)?
7
Suppose 4*h + 12 + 8 = 0. Let v = 15 + h. What is the units digit of v?
0
Suppose -2*w + 5 = -3. Suppose 5*v - 1 = -w*f - 4, -2*f = v - 3. What is the units digit of f?
3
Let a = -18 - -21. What is the tens digit of (-8)/12 - (-71)/a?
2
Suppose 5*j - h + 2*h - 302 = 0, -3*j + 2*h = -176. What is the tens digit of 1640/j + (-8)/6?
2
Let d(n) = n + 4. Let l be d(-4). Let k be (-2)/((-1 - l) + -1). Suppose y - 2 + k = 0. What is the units digit of y?
1
Let f(t) = 5*t**2 - 3*t + 2. Let c be 3*(-3 + 44/12). What is the tens digit of f(c)?
1
Let g = -430 - -624. What is the hundreds digit of g?
1
What is the tens digit of 912/13 - (-4)/(-26)?
7
Let n(s) = 3*s**3 + 3*s**2 - 2*s + 3. What is the tens digit of n(2)?
3
What is the tens digit of -1 - (-24 - -1) - (-1 + 0)?
2
Let s(l) = l**2 + 8*l + 1. Let d be (-270)/35 + (-2)/7. What is the units digit of s(d)?
1
Let d(n) = 7*n**2 - 13*n - 9. Let a(r) = -3*r**2 + 6*r + 4. Let y(o) = -9*a(o) - 4*d(o). Let l be y(-4). What is the tens digit of ((-14)/(-8))/((-1)/l)?
1
Let s = -3 - -1. Let r(c) = 9*c + 1. Let j be r(s). What is the units digit of (-2)/8 - j/4?
4
Suppose 3*g + 0 = 75. What is the units digit of g?
5
Suppose 5*x + 2*d + 9 = -16, 4*x = -5*d - 37. Let n be (-2 - (x - -2)) + 0. What is the units digit of (n + 2 - 12)*-1?
1
Let j(n) = -6*n + 1 - 4*n + 0*n. What is the units digit of j(-1)?
1
Let x(d) = d**2 - 2*d - 1. Let y be 0/(-2)*3/3. Suppose 8*w - 3*w - 15 = y. What is the units digit of x(w)?
2
Suppose -b = -2*u, -b - 4*b = u. Suppose 4*q - 5*d + 17 = 0, u = 4*q + 4*d + 13 - 41. Suppose x = 5*z + 11, 6*x = 2*x + q*z + 8. What is the units digit of x?
1
Let a(w) = 7*w. Let q = 8 - 2. Let d = q + -4. What is the units digit of a(d)?
4
Suppose 0 = 4*q + 191 - 679. What is the hundreds digit of q?
1
Let g = -14 + 8. Let t be g/((-1)/1)*-3. What is the units digit of 4/(-18) - 22/t?
1
Let l(y) = -y**3 - 5*y**2 - 4*y + 3. Let j be l(-4). Let i = -1 + j. Suppose i*m = -m + 12. What is the units digit of m?
4
Let v(s) = s + 4. Let c be v(0). Let q be 1/((-3)/(c - 1)). What is the tens digit of q/(-3) + (-58)/(-6)?
1
Let m be (1 - 1) + (-6 - -5). What is the units digit of (-1 - -4 - m)/2?
2
Let d = 114 + -79. What is the units digit of d?
5
Let d = -367 + 516. What is the units digit of d?
9
Suppose 0 = m - 7 + 16. Let v(r) = r**3 + 8*r**2 - 7*r + 12. Let g be v(m). Let y = 19 + g. What is the tens digit of y?
1
Let z be -2 + -10 + 0 + 3. What is the tens digit of 210/49*(-2 - z)?
3
Let s = 74 + 186. What is the hundreds digit of s?
2
Let i be (-8)/(2*(-1)/(-2)). What is the units digit of 0 - i - (-4)/2?
0
Let x be (-165)/22*(-4)/(-5). Let y(f) = f**3 + 6*f**2 - 4*f - 5. What is the tens digit of y(x)?
1
Suppose 3*p - t = 846, 0*p + 4*p - 1121 = -t. What is the hundreds digit of p?
2
Let q(l) be the first derivative of -l**5/120 - l**4/12 + 2*l**3/3 + 2. Let b(o) be the third derivative of q(o). What is the units digit of b(-5)?
3
Let i(z) = z**3 - 12*z**2 + 3*z - 5. What is the units digit of i(12)?
1
Suppose 0 = -4*w - 16, -4*o + 7*w + 216 = 2*w. What is the tens digit of o?
4
What is the tens digit of (-13169)/(-65) + 2/((-20)/6)?
0
Let w be (3/2)/((-1)/2). Let p be w*1 - (-4 - -2). What is the units digit of p/(-1)*(1 + 1)?
2
Let j be (8/4)/((-6)/(-9)). Suppose 0 = u, h - j*u - 20 = -h. What is the tens digit of h?
1
What is the tens digit of 28/7 - (-44 - 1)?
4
Let u = 4 + -2. Suppose 2*w + 18 = -u*o + 6*o, 5*w = -5*o - 15. Suppose 12 = o*m + m. What is the units digit of m?
4
Let z(p) = p**2 - 8*p + 1. What is the tens digit of z(12)?
4
Suppose 2*b - 83 = -4*t - 15, -3*t = -2*b - 65. What is the units digit of t?
9
Suppose -47 = 2*l + t, 4*l + 3*t = -t - 100. Let y be 2/(1 - 4/6). What is the units digit of y/33 + (-172)/l?
8
Suppose 210 = 5*x - 5*i, -2*x - 2*i + 51 + 25 = 0. Let j = x + 7. Suppose 2*p + j = n + 2*n, -2*p = 2. What is the units digit of n?
5
Let t be (-3)/4 - 15/12. Let a(h) = -2*h + 2. What is the units digit of a(t)?
6
Let a(x) = -x**3 - 7*x**2 - 4*x - 12. What is the units digit of a(-7)?
6
Let g(w) = -w**2 + 8*w - 8. Let b be g(6). Suppose 0 = 4*l + b*y - 32, 2*l + y - 38 = -2*l. What is the units digit of l/35 + 47/7?
7
Suppose -3*u + 3 + 9 = 0. Suppose 2*v = -2*v + 12, -15 = -u*b - 5*v. Let f = b - -11. What is the tens digit of f?
1
What is the units digit of 58/(2 - 24/15)?
5
Suppose 0 = -2*v + 5*v + 3*n, -5*n - 8 = v. Let t be v - 3*(-4)/(-6). Suppose 31 - 8